7?
8
What is the units digit of 264951209?
9
What is the hundreds digit of 3124440936?
9
What is the millions digit of 26597610?
6
What is the tens digit of 291389700?
0
What is the ten millions digit of 76163246?
7
What is the units digit of 686024636?
6
What is the tens digit of 656018172?
7
What is the hundred millions digit of 410565551?
4
What is the hundred millions digit of 520123191?
5
What is the hundreds digit of 7087340510?
5
What is the ten millions digit of 235323086?
3
What is the ten millions digit of 931309523?
3
What is the hundreds digit of 5230691?
6
What is the ten thousands digit of 1496439667?
3
What is the millions digit of 2534820?
2
What is the ten millions digit of 1301070856?
0
What is the tens digit of 236961732?
3
What is the hundred thousands digit of 3862791226?
7
What is the hundreds digit of 1433775278?
2
What is the tens digit of 25551954?
5
What is the units digit of 59514152?
2
What is the units digit of 351751618?
8
What is the ten millions digit of 292911748?
9
What is the ten thousands digit of 1797901?
9
What is the millions digit of 3069220019?
9
What is the hundred thousands digit of 680958832?
9
What is the hundreds digit of 2025316991?
9
What is the thousands digit of 7879086144?
6
What is the units digit of 688610449?
9
What is the hundred thousands digit of 1442948741?
9
What is the thousands digit of 84005309?
5
What is the hundred thousands digit of 2827303462?
3
What is the hundreds digit of 86252593?
5
What is the units digit of 112770749?
9
What is the hundreds digit of 205200379?
3
What is the thousands digit of 782774577?
4
What is the millions digit of 695906831?
5
What is the hundred millions digit of 138186356?
1
What is the hundred millions digit of 126151716?
1
What is the hundreds digit of 91217645?
6
What is the thousands digit of 6976974025?
4
What is the ten thousands digit of 55083624?
8
What is the hundreds digit of 4598862?
8
What is the ten millions digit of 149486830?
4
What is the units digit of 724933507?
7
What is the ten millions digit of 83203373?
8
What is the hundreds digit of 197360962?
9
What is the millions digit of 260647793?
0
What is the tens digit of 100677168?
6
What is the units digit of 202477619?
9
What is the thousands digit of 194303607?
3
What is the hundred millions digit of 855259730?
8
What is the units digit of 76806659?
9
What is the tens digit of 112613908?
0
What is the tens digit of 18486?
8
What is the tens digit of 147603387?
8
What is the billions digit of 3484924501?
3
What is the ten thousands digit of 631754984?
5
What is the hundreds digit of 38451794?
7
What is the millions digit of 297496048?
7
What is the millions digit of 8454942?
8
What is the thousands digit of 96182606?
2
What is the tens digit of 96195780?
8
What is the hundred thousands digit of 31274472?
2
What is the hundreds digit of 62939334?
3
What is the millions digit of 262669082?
2
What is the thousands digit of 60651916?
1
What is the hundred thousands digit of 17284455?
2
What is the ten thousands digit of 1638882203?
8
What is the hundred millions digit of 5061759201?
0
What is the ten millions digit of 108369217?
0
What is the hundred thousands digit of 81790447?
7
What is the hundred thousands digit of 5348675863?
6
What is the ten thousands digit of 15238820?
3
What is the thousands digit of 425641162?
1
What is the units digit of 228396126?
6
What is the ten millions digit of 463323985?
6
What is the units digit of 104518801?
1
What is the units digit of 270141704?
4
What is the units digit of 7908072?
2
What is the ten millions digit of 17422652?
1
What is the thousands digit of 61982793?
2
What is the units digit of 9627132?
2
What is the thousands digit of 5088605314?
5
What is the units digit of 39550404?
4
What is the millions digit of 94912095?
4
What is the tens digit of 569687784?
8
What is the hundreds digit of 36335446?
4
What is the hundred thousands digit of 4178211029?
2
What is the tens digit of 22584427?
2
What is the billions digit of 4772741929?
4
What is the thousands digit of 105466398?
6
What is the tens digit of 1602818094?
9
What is the hundreds digit of 138272714?
7
What is the millions digit of 366588444?
6
What is the thousands digit of 95745077?
5
What is the hundreds digit of 3728071708?
7
What is the ten millions digit of 15656989?
1
What is the thousands digit of 625503785?
3
What is the hundred millions digit of 1859631533?
8
What is the thousands digit of 59619076?
9
What is the thousands digit of 1268823026?
3
What is the units digit of 25519082?
2
What is the hundreds digit of 477293468?
4
What is the hundred millions digit of 609226239?
6
What is the tens digit of 56608784?
8
What is the ten thousands digit of 1131354162?
5
What is the tens digit of 50718326?
2
What is the hundred thousands digit of 1068484022?
4
What is the units digit of 25046009?
9
What is the hundred thousands digit of 89876957?
8
What is the hundred millions digit of 111357395?
1
What is the thousands digit of 12652585?
2
What is the ten millions digit of 807756380?
0
What is the hundred millions digit of 469742309?
4
What is the tens digit of 225403493?
9
What is the thousands digit of 90546511?
6
What is the hundred millions digit of 796540116?
7
What is the hundred thousands digit of 5092158?
0
What is the tens digit of 262623787?
8
What is the ten millions digit of 7312588826?
1
What is the units digit of 210121416?
6
What is the hundred thousands digit of 27555042?
5
What is the billions digit of 5881427431?
5
What is the hundred thousands digit of 55727594?
7
What is the hundred thousands digit of 36923864?
9
What is the hundreds digit of 256122532?
5
What is the units digit of 19203252?
2
What is the units digit of 71796015?
5
What is the hundred thousands digit of 67739900?
7
What is the ten thousands digit of 85522746?
2
What is the hundreds digit of 128710353?
3
What is the billions digit of 2230048875?
2
What is the ten millions digit of 366530146?
6
What is the thousands digit of 22914876?
4
What is the hundred millions digit of 1023866482?
0
What is the hundred thousands digit of 38126930?
1
What is the hundreds digit of 15165171?
1
What is the ten thousands digit of 2384021041?
2
What is the hundred thousands digit of 2472772902?
7
What is the thousands digit of 18164502?
4
What is the units digit of 488570131?
1
What is the ten millions digit of 65859563?
6
What is the hundred millions digit of 2700644299?
7
What is the hundred millions digit of 109375932?
1
What is the units digit of 12359550?
0
What is the ten thousands digit of 706040385?
4
What is the ten millions digit of 418834630?
1
What is the millions digit of 216949987?
6
What is the hundred millions digit of 1031300883?
0
What is the hundred millions digit of 2609771725?
6
What is the tens digit of 25890013?
1
What is the hundred thousands digit of 226585467?
5
What is the thousands digit of 250091123?
1
What is the units digit of 2252201527?
7
What is the millions digit of 79637820?
9
What is the hundred millions digit of 277629920?
2
What is the ten millions digit of 14747034?
1
What is the ten thousands digit of 93716481?
1
What is the ten millions digit of 221267355?
2
What is the hundreds digit of 299683692?
6
What is the ten thousands digit of 21414922?
1
What is the hundred millions digit of 940242830?
9
What is the ten thousands digit of 1266112381?
1
What is the hundred thousands digit of 542230618?
2
What is the thousands digit of 31302262?
2
What is the hundreds digit of 511021744?
7
What is the ten thousands digit of 4217884656?
8
What is the millions digit of 1339698?
1
What is the millions digit of 507764623?
7
What is the ten thousands digit of 121401865?
0
What is the tens digit of 1922954382?
8
What is the hundred thousands digit of 35439097?
4
What is the tens digit of 288860318?
1
What is the millions digit of 77588258?
7
What is the hundred thousands digit of 192806300?
8
What is the ten thousands digit of 50904177?
0
What is the thousands digit of 57789782?
9
What is the ten thousands digit of 352514924?
1
What is the ten millions digit of 71165859?
7
What is the hundred millions digit of 218432605?
2
What is the thousands digit of 2336833?
6
What is the million